10*s**2 - 474*s**3. Calculate u(12).
-2
Suppose -5*u - 3*d + 115 = -6*d, 2*d = -10. Let g(n) = n**3 - 19*n**2 - 20*n + 21. Calculate g(u).
21
Let w(u) = u**3 - 13*u**2 - 4*u + 7. Let t be w(6). Let d = 265 + t. Let m(s) = 10*s + 3. What is m(d)?
-37
Let t(n) = 6*n**2 + 61*n + 11. Let w(x) = 13*x**2 + 138*x + 20. Let v(y) = 7*t(y) - 3*w(y). What is v(-2)?
3
Let u be (-2)/2*-2 + 5. Let r(g) = -g - 1. Let c be r(u). Let d(b) be the third derivative of -b**5/60 - 3*b**4/8 - 5*b**3/3 - 215*b**2. Determine d(c).
-2
Suppose 631*k - 637*k + 66 = 0. Suppose -k*f - 2 = -10*f. Let r(m) = 12*m. Calculate r(f).
-24
Let t(s) = 8*s - 5078 + 22*s + s**2 + 4953. What is t(-34)?
11
Let d(i) = -11*i + 22. Let y be d(6). Let m = y - -53. Suppose 0 = -n + 3*v - m, -5*n - 3*v - 2*v + 55 = 0. Let s(w) = 3*w - 3. Give s(n).
15
Let f(q) = q**2 - 5*q + 29670 + 29670 - 59347 - 5*q. Give f(3).
-28
Let j(v) = -v**3 - 6*v**2 - 5*v. Suppose -4*a = -5*i + 8*i + 29, 5*a + 31 = -2*i. What is j(a)?
0
Suppose 20 = 5*i + 5*l, 4*i - 7 = -l + 3. Let m(b) = -b**3 - 361*b + 2*b**2 + 4*b**i + 369*b - 11. Calculate m(7).
-4
Let c(l) be the first derivative of -4*l**3/3 + 17*l**2 - l - 695. Determine c(8).
15
Suppose 14*p + 4*i = 10*p - 8, -i = -2*p - 1. Let k(u) = 3*u**2 + 3*u - 1. Calculate k(p).
-1
Let p be 15*16/(-192)*-4. Let l(r) = r**2 - 12*r + 23. Calculate l(p).
-12
Let f(o) be the second derivative of -o**4/12 + 7*o**3/2 - 81*o**2/2 + 449*o. Determine f(16).
-1
Let l(m) = -5*m**3 + 60*m**2 - 35*m - 231. Let b(j) = -j**3 + 12*j**2 - 7*j - 46. Let s(z) = 11*b(z) - 2*l(z). Give s(11).
0
Let x(s) = 50*s + 5. Let o(q) = -17*q - 2. Let k(d) = -8*o(d) - 3*x(d). Let j be (-4)/(-12)*-12*(-1)/(-4). Give k(j).
15
Let c(p) = -p + 6. Suppose -11*n + 6 = -8*n. Suppose 2*a + 22 = n*b, -a - 65 + 62 = 3*b. Give c(a).
15
Let d(s) = -2*s**2 - 7*s - 6. Let a(t) = t - 2. Let p be a(1). Let x be 2*(3 - (-6)/(-4) - p). Suppose n = -l + 4*n + x, 5*n = 3*l - 3. Calculate d(l).
-10
Let a(d) = -4 + 43*d**3 + 2*d + 6*d**2 + 9 - 42*d**3. Let q be a(-5). Suppose -3*k = -q + 44. Let n(m) = -m - 8. Give n(k).
0
Let i(u) = -u - 1. Let p be i(2). Let n(h) be the second derivative of -2*h**2 - 13*h - 5/6*h**3 + 2 - 1/12*h**4. Calculate n(p).
2
Let n(f) be the first derivative of -2*f**3/3 - 21*f**2/2 - 6*f + 1094. Determine n(-10).
4
Suppose 217*u - 93 = 310*u. Let a(b) be the first derivative of -3*b**4/2 + b**3/3 + 2. Calculate a(u).
7
Let m(f) = -5*f**2 + 3*f + 2. Let l(z) be the third derivative of -z**5/60 - z**4/24 + z**3/6 + 2*z**2 - 19*z. Let c(u) = 2*l(u) - m(u). Give c(2).
2
Suppose 2707 = -425*s + 582. Let o(n) = -n**3 - 4*n**2 + 3*n - 10. Give o(s).
0
Let j(i) = -2*i**2 - i**2 + 4*i**2 + 26 + 328*i - 333*i. Determine j(6).
32
Suppose -2*n - 6 = -4*m, -2*m + 3*m + 2 = 4*n. Let u(c) = 55*c**2 + c - 5. Let s(q) = 147*q**2 + 3*q - 13. Let v(d) = -3*s(d) + 8*u(d). Give v(m).
-7
Let i(p) = 33*p**2 + p + 37. Let d(b) = 8*b**2 + 9. Let y(s) = -9*d(s) + 2*i(s). Let u(n) = 18*n**2 - 6*n + 20. Let j(f) = -5*u(f) - 14*y(f). Calculate j(2).
-22
Let a(c) be the third derivative of -c**6/360 + c**5/60 + 7*c**4/2 + 31*c**2 + 2. Let q(y) be the second derivative of a(y). Calculate q(2).
-2
Let b(j) = 2*j**2 + 57*j - 219. Let u be b(-32). Suppose -3*w + 8 = -w. Let y(g) = -w - g**3 + 6*g**2 - 7*g + 2 + g. What is y(u)?
-7
Let z(s) be the first derivative of 0*s**2 + 4*s + 17 + 1/6*s**4 + 1/20*s**5 - 2/3*s**3. Let x(h) be the first derivative of z(h). Give x(-3).
3
Let b = -35 + 35. Let o(k) = k + 1 + 0 + 5*k + b. Suppose -4*x = -4*h + 3*h - 5, 3*x + 5*h = 21. Determine o(x).
13
Let u be 2/(-4) + (-14)/(-4). Let p(q) = 2 - 7*q + 56*q - 52*q - 3. Give p(u).
-10
Suppose 2*b = 2, -9 = 3*o - 5*b - 22. Let j(m) = -m + 2 + o - 2*m - 11 + 10. Calculate j(5).
-8
Let x(b) = 3*b + 6. Suppose 0 = 5*f - 0*c - 3*c - 56, -4*c - 8 = 0. Let v be -1 - 6/10*(f - 0). What is x(v)?
-15
Suppose -2*t = g - 6, 0 = 208*t - 211*t + 6*g - 21. Let n(c) = 6*c**2 - 20*c + 21. What is n(t)?
7
Let c(s) = -s**2 - 12. Let j = -10 - -40. Let l = -15 + j. Let k be 0/(4 - l/3). Give c(k).
-12
Let w be 5/30*(-4 + 10). Let m(r) = -12*r**2 - 4*r. Let n(q) be the second derivative of -11*q**4/12 - q**3/2 - 9*q. Let t(c) = 4*m(c) - 5*n(c). What is t(w)?
6
Let g(f) be the third derivative of f**6/120 - f**5/20 - f**3/6 + f**2. Suppose 87*h + 47741 = 47915. What is g(h)?
-5
Let g(f) = -1537*f + 1504*f - 1 + 17 - 2*f**2 + 2. Determine g(-15).
63
Let i(h) = h**3 - h**2 - h - 1. Let w be 2 + 7/(-3) + (-1496)/(-33). Let v = -131 + w. Let g = -86 - v. Calculate i(g).
-1
Let i(y) be the third derivative of 13*y**5/12 + y**4/24 + y**3/6 - 26*y**2 + 14*y. Determine i(-1).
65
Let t(x) = -26 + 23 + 0*x + x. Let f(b) = 2*b**2 - 13*b + 8. Suppose -5*d + 37 = 12. Let m be f(d). Determine t(m).
-10
Let r = 956 - 957. Let n(t) be the second derivative of 5*t**3/2 - t**2/2 + 11*t. Calculate n(r).
-16
Let t be -27*(-2)/(-13) - 3*48/(-936). Let n(c) = 2 - 1 - 5*c + c**3 + 1 + 2*c**2. What is n(t)?
-10
Let t(g) = -201*g + 2395. Let p be t(12). Let w(x) = 2*x + 54. Determine w(p).
20
Let y be 6/6*-8*(4 - 54/12). Let o(q) be the third derivative of 1/8*q**y - 1/3*q**3 + 0*q + 0 + q**2 + 1/60*q**5. What is o(-6)?
16
Let q be 2 + 6/3 + (-110)/11. Let r = 5 + q. Let w(f) = -f**3 - f**2 - 2*f - 2. Let t be w(r). Let a(h) = h**3 - h**2 + h + 4. Give a(t).
4
Let j = -8 + 15. Let d(v) = -4 + j*v - 107*v**2 - 2*v + 106*v**2. Suppose -249 = 2*m - 255. Calculate d(m).
2
Let w(c) be the third derivative of c**6/120 - c**5/4 + 11*c**4/12 - 5*c**3/3 - 3*c**2 - 1644*c. Determine w(14).
102
Let w(l) be the third derivative of -l**5/30 + 5*l**4/12 + 3*l**3/2 + 3415*l**2. Calculate w(5).
9
Let a(n) be the third derivative of -n**6/120 - n**5/12 + n**4/4 + n**3/2 - 29*n**2. Suppose 4*d + 15 = 3*o, -2*d - 9 = -0*d - o. What is a(d)?
3
Let z(v) = 1 + v + 0*v + 0*v**2 - v**2. Let g(y) = -y**3 + 3*y**2 + 5*y + 8. Let a(r) = g(r) - 4*z(r). Let c be -67 + 43 + 20 - (1 + -12). Determine a(c).
11
Let h = -10 + 5. Let c(t) = -2*t + 14. Let l(a) = 1. Let g(y) = h*l(y) + c(y). Let w = 4918 - 4912. Determine g(w).
-3
Let s(d) be the second derivative of -d**4/6 + 19*d**3/6 + 8*d**2 - 576*d. What is s(9)?
25
Let c(z) be the first derivative of 5*z**2/2 + z - 265. Calculate c(-9).
-44
Let c(f) = 42*f - 17*f + 53*f**3 - f**2 - 18*f - 56*f**3 - 2. Determine c(2).
-16
Let l(o) be the third derivative of 0*o**3 - 1/24*o**4 + 3*o**2 - 1/60*o**5 - 1/720*o**6 + 0 + 0*o. Let r(t) be the second derivative of l(t). Give r(5).
-7
Let l(w) be the second derivative of -w + 1/6*w**3 + 0 - 1/2*w**2. Let h be (6*(-3)/(-12))/(-12 - 945/(-84)). Determine l(h).
-3
Let f be 30/20*24/9. Suppose -3*a - 5*m = 0, -2*a = f*m - 4 + 2. Let d(v) be the second derivative of v**4/12 + 7*v**3/6 + 3*v**2/2 + 3*v. Calculate d(a).
-7
Let h(m) = -m**3 - 11*m**2 - 9*m + 2. Suppose 7*b + 4 = -3. Let n be (b + (-39)/(-9))/((-4)/12). Determine h(n).
-8
Let d(j) = 9*j - 12. Let y be d(8). Suppose -10*m + 16*m = y. Let x(k) = k - 14. Determine x(m).
-4
Let v(w) = w**3 + 10*w**2 + 7. Let z be v(-10). Suppose 0*b = -3*p - b + 25, 0 = -3*p + 2*b + 13. Let c(d) = p*d - d**2 + 4 - 2*d + 4*d. Calculate c(z).
18
Let k(i) = 189*i**2 - 63*i**2 + 1 - 66*i**2 + 46*i + i**3 - 74*i**2. Give k(5).
6
Let a be ((-5)/((-20)/4))/(3/12). Suppose 2*t - 5*s + 13 = t, 3*t + 3*s - 15 = 0. Let h(l) = -t*l - l**2 + 5*l - 2 + 2. Determine h(a).
-4
Let y(q) = q - 3. Let z(v) = 4*v - 15. Suppose -2*c + 9*j + 2 = 13*j, -5*c + j + 5 = 0. Let w(l) = c*z(l) - 5*y(l). Calculate w(0).
0
Let t(h) be the first derivative of -3*h**2/2 + 26*h + 170. Give t(15).
-19
Let i(y) = y**3 - 2*y**2 + 2*y + 16. Suppose -43*b = -39*b - 68. Let j(p) = 3*p**3 - 6*p**2 + 5*p + 46. Let s(u) = b*i(u) - 6*j(u). Calculate s(3).
-1
Suppose -3*v + 4*a + 18 = 0, -5*v + 2*a = -a - 19. Let m(p) = -2 + 26*p + 13*p**2 - 29*p + p**3 - 14*p**v. Calculate m(-2).
-8
Suppose -16607 = 103*p - 16710. Let q(w) = 0*w + 1 + 8*w + 0*w + w. Give q(p).
10
Let z(q) be the second derivative of 0 + 1/6*q**3 + 0*q**2 + 16*q + 1/12*q**4. Suppose -2 = 4*b + 3*x, -5*x + 8 = 2*b - b. What is z(b)?
2
Let q(u) be the third derivative of u**5/120 - u**4/12 - 77*u**3/6 + 45*u**2. Let k(g) be the first derivative of q(g). Calculate k(